et r be j(i). Suppose -4*h = -r - 245. What is the tens digit of h?
1
Let s be 17/(136/(-992)) - -5. What is the hundreds digit of s/17*2040/(-14)?
0
Let p = -272 + 134. Let z = 100 + p. What is the tens digit of (z/(-8))/((-2)/(-35 - -3))?
7
Let y be 4 - ((-12)/(-3) - 17)*1. Suppose 9*h = -1 - y. What is the tens digit of (3/h)/(6/(-1004))?
5
Suppose 5533 = -19*a + 123181. What is the tens digit of a?
9
Suppose -48*a + 6717 = -45*a. Suppose -a = -3*f + 2*l, f = -2*l + 486 + 263. What is the tens digit of f?
4
Let n = -2878 - -4094. Let t = n - 704. What is the hundreds digit of t?
5
Suppose 0 = -7*y + 11*y, -4*w - 5*y + 8 = 0. Suppose w*a + 4*s = 2*s + 534, -5*s = 4*a - 1067. What is the tens digit of a?
6
Let i(r) = -124*r + 4892. What is the thousands digit of i(9)?
3
Suppose 4*o - 4*v = 9084, 0 = o - 5*v + 507 - 2758. What is the units digit of o/24 + (-4)/(-24)?
5
Let u be ((-16)/(-32))/((-2)/844). Let x = u - -354. What is the tens digit of x?
4
Let d = 394 + -78. Let r = d - 17. What is the tens digit of r?
9
Let m be 87/2*(0 + -4). Let p = -109 - m. What is the tens digit of p?
6
Let g(y) = 9*y**2 + 5*y - 3. Suppose -4*w - 1 = -a - 9*w, a - 13 = -w. Let f be 63/27 - (2 - a/6). What is the units digit of g(f)?
3
Let w(q) = -7*q**3 + 27*q**2 - 16*q + 100. Let v(j) = 10*j**3 - 41*j**2 + 24*j - 150. Let x(i) = -5*v(i) - 7*w(i). What is the tens digit of x(14)?
3
Suppose -24142 = -62*p + 58*p - 3*s, 2*s + 30189 = 5*p. What is the hundreds digit of p?
0
Let o(x) = -2*x - 2*x + 0*x. Let k be o(-1). Suppose 0 = k*d + 2*q - 4*q - 370, 0 = 4*d - q - 365. What is the units digit of d?
0
Suppose -7*f + 700 = 700. Suppose 3*c - 5*u - 1053 = f, c + c = 2*u + 698. What is the tens digit of c?
4
Suppose 10*g = 11*g - 5. Let k(h) = -h + 12. Let r be k(g). Let u(z) = z**2 + 5*z - 9. What is the tens digit of u(r)?
7
Suppose 395*x + 8941 = 396*x + 2*r, -5*x + 44660 = 5*r. What is the hundreds digit of x?
9
Let w(c) = 12*c - 482. Let a(k) = -2*k**3 + 42*k**2 - 37*k + 3. Let b be a(20). What is the tens digit of w(b)?
7
Let m(q) be the second derivative of 409*q**4/3 - 7*q**3/2 + q**2 - 192*q. What is the tens digit of m(1)?
1
What is the units digit of (-1463)/110*-312 + 4/10?
0
Suppose 9*h - 7*h + 5*h = 172074. What is the tens digit of h?
8
Let c = 8 - -4. Suppose -2*t - t + c = 0. Suppose -t*k + 252 = 3*w, 2*w - 179 = -0*k + k. What is the tens digit of w?
8
Let v be 0 + (-6)/4 - (-35217)/(-42). Let r = -1288 - v. Let a = -281 - r. What is the units digit of a?
7
Suppose 24721 = 68*a - 42327. What is the units digit of a?
6
Let z = 22013 - 9182. What is the thousands digit of z?
2
Let f be ((-96)/80)/((-4)/10). Suppose -f*b - 9 = 0, d = 14*b - 17*b + 743. What is the hundreds digit of d?
7
Suppose 7*t + 32 + 52 = 0. What is the hundreds digit of 13950/72 + (-15)/t?
1
Let j(i) = 7*i**2 + 3*i + 2. Let m = -37 + 32. Let u be j(m). Suppose 3*r - r = u. What is the tens digit of r?
8
Let o = -13 + -22. What is the units digit of 15/o - (-15256)/56?
2
Suppose w = -4*w. Let v(k) = -1 + 3*k**2 + 2 - k**3 + 1 + w + 7*k. What is the units digit of v(-3)?
5
Let p be (20/(-15))/(2 + (-21)/9). Suppose -2*o + 480 = -4*l, 0 = o + p*l - 178 - 68. What is the hundreds digit of o?
2
Let q be (17 + -22)/((-2)/(-72)). Let d = -143 - q. What is the tens digit of d?
3
Let w(j) = -2*j - 1. Let u be w(17). Let m = 139 - u. Suppose -5*o + p + 250 = -40, 3*o + p - m = 0. What is the tens digit of o?
5
Let g be ((-5)/5)/(-1 + 9/12). Suppose -48 + g = -2*m + 2*v, 2*v + 10 = 0. What is the tens digit of m?
1
What is the hundreds digit of 8*(279455/44 - -6) + -7?
8
Suppose 0 = 18*n - 19*n - 5. Let z(y) = y**2 + 4*y + 15. Let j be z(n). Suppose -j = -q + 53. What is the units digit of q?
3
Let h = -107 - -141. Suppose -4*y + h = 14. Suppose -y*o = -745 - 360. What is the tens digit of o?
2
Let w be 3/6 + (-826)/(-4). Suppose 3*k = 5*j + 280 + 324, 3*j + 369 = 4*k. Let v = j + w. What is the tens digit of v?
8
What is the thousands digit of 13 + 2/(-14)*-16009?
2
Let r be ((-230)/575)/((-4)/5 + 1). What is the thousands digit of (-1)/(-2)*r*(-1923 - -16)?
1
Let p be (-9*(-14 - -2))/(21/14). Suppose 4*l = -48 + p. Suppose -l*i = i - 399. What is the tens digit of i?
5
Suppose 0 = 5*k - 5*o - 285, -48 - 235 = -5*k + 3*o. Let i = -49 + k. Suppose -i*m + 1026 = 2*m. What is the tens digit of m?
1
Let u = 17984 - 8652. What is the tens digit of u?
3
Suppose 3*t = -3*x - 12, 0*t + 3*t = -5*x - 28. Let b = 6 - x. Suppose -12*r = -b*r + 182. What is the units digit of r?
1
Let z(j) = -71*j**2 + 14*j + 58. Let i be z(-6). Let v be i/6 + ((-21)/(-9) - 2). Let g = v - -699. What is the hundreds digit of g?
2
Suppose 0 = -2*i - 3*p + 456 + 10173, -2*p - 21282 = -4*i. What is the thousands digit of i?
5
Let m be 6/(-57) - 1170/(-285). Suppose 850 = 2*p - m. What is the tens digit of p?
2
Suppose 0 = -i + o + 26700 - 3387, -4*i + 2*o + 93266 = 0. What is the thousands digit of i?
3
Suppose -4*o - o = -485. Let m be (-246)/4 + 69/(-138). Let w = m + o. What is the units digit of w?
5
Let v = -11121 - -31762. What is the tens digit of v?
4
Let f = 400 - 404. What is the tens digit of (-500)/(-3)*(32/(-20) - f)?
0
Let v(c) = -c**2 + 4*c. Let i be v(4). Suppose -4*t + n = -4*n + 27, i = -5*n - 5. Let b(r) = -13*r - 24. What is the tens digit of b(t)?
8
Let m = -1367 + -183. Let p = -663 - m. What is the units digit of p?
7
Let y(m) = 4. Let v(i) = 9*i + 40. Let o(d) = -v(d) + 2*y(d). What is the hundreds digit of o(-15)?
1
Let r(k) = 2*k**2 - k - 4. Let l be r(5). Let w = l - 39. Suppose -w*h = -0*h - 94. What is the tens digit of h?
4
Let f = 1135 + 613. What is the thousands digit of f?
1
Let o be (-24)/20*(-40)/6. Let q be (850/o)/1 + (-12)/48. What is the hundreds digit of 1*q + 4 + 0?
1
Let j(d) be the second derivative of d**5/20 + d**4/6 - 13*d**3/6 + 24*d**2 + d - 66. What is the units digit of j(8)?
4
Let u be (0 - (-34)/1) + (32 - 34). Let z = 34 - u. What is the tens digit of 141 + (8/6 - z/(-3))?
4
Suppose 687 = 5*u - 1203. Suppose -14*m + 266 = -u. What is the units digit of m?
6
Let h = 365 - 352. What is the thousands digit of 1231878/1023 + 1 + h/(-11)?
1
Let j(p) = -652*p + 636. What is the hundreds digit of j(-2)?
9
Let b(n) = 2 + 0 - 1898*n**2 - 4*n + 322*n**3 + 1901*n**2. What is the tens digit of b(1)?
2
Let q(v) = -6233*v + 6239*v + v**3 + 17*v**3 + 4*v**3 + 3 + 6*v**3. What is the tens digit of q(3)?
7
Suppose 27*i - 23*i - 7400 = 0. What is the tens digit of i?
5
Let c(s) = -1712*s**3 - s**2 - 20*s - 67. What is the units digit of c(-3)?
8
What is the units digit of ((-91)/14)/(-13) - (-6568)/16?
1
Let f(d) = 3*d**2 + 16*d - 10. Let q = 150 - 160. What is the tens digit of f(q)?
3
Let u(b) = 9*b - 13. Let q be u(2). What is the units digit of (2 - q)*2023/(-51)?
9
Suppose 0 = 4*c + 4*y - 32, -2*c - 2*y + 21 = c. Suppose 0 = -0*x - c*x + 1445. Suppose -x = -4*v + 7. What is the units digit of v?
4
Let y be -1013 + (-3)/((-5)/(-5)). Let s = y + 1786. Suppose 0 = -7*a + 2*a + s. What is the tens digit of a?
5
Suppose -946620 = -140*q + 365189 + 314571. What is the hundreds digit of q?
6
Let m be 277/(153/(-36) + 4). Let s = 2270 + m. What is the thousands digit of s?
1
Let c = -15271 + 23937. What is the thousands digit of c?
8
Suppose 4*v = -2*h - 886, 2*v - 4*h - 222 = -640. What is the units digit of (-24)/(-56) - v*(-27)/(-21)?
2
Suppose 6*b - 7 + 7 = 0. What is the tens digit of (-26910)/(-630) + (2/7 - b)?
4
Let b(c) = 86 - 12*c + 24*c - 6*c - 16*c. What is the units digit of b(-12)?
6
Suppose -38*x = -36*x - 4*v - 392, 3*v = 3*x - 582. Suppose -6*u + 8976 - x = 0. What is the units digit of u?
4
Suppose 2*a - 26 = -4*c + 4, -29 = -3*a - 2*c. Let l be (-9)/21 + (437/a - 2). Suppose -l = -7*u + 353. What is the tens digit of u?
5
Suppose 1410911 = 18*k - 56485 + 15696. What is the thousands digit of k?
0
Let c = 144 - -11. Let v = c + 102. What is the tens digit of v?
5
Let i(w) = 7*w - 9*w - 21*w - 7*w - 14 - 11*w**2 - 16*w**3. What is the hundreds digit of i(-4)?
9
Let p(b) = 16866*b + 1892. What is the ten thousands digit of p(3)?
5
Suppose -89*p = -100367 - 330749. What is the units digit of p?
4
Let q(h) = -5*h + 3 - 4*h + 8*h. Let d be q(1). Suppose d*y = -0*y + 12